d q.
12
Let k = -10 - -28. Suppose -10*u = -98 + 68. Calculate the greatest common divisor of k and u.
3
Suppose 5*o + 297 = 3*d, -o = d + 3*d - 396. Let v = -4 - -13. Calculate the highest common factor of v and d.
9
Let c = 145 - 120. Let j = -8 + 58. What is the highest common divisor of j and c?
25
Let u = 311 - 191. What is the highest common factor of 216 and u?
24
Let l(t) = 35*t + 35. Let p(i) = 9*i + 9. Let b(s) = -4*l(s) + 15*p(s). Let n be b(-2). Calculate the greatest common divisor of 10 and n.
5
Let h be 3 + (-54)/16 - 21936/(-128). What is the highest common divisor of h and 27?
9
Suppose -3*n - 4*l + 45 = -2*n, -2 = -l. Suppose 0 = 2*i - d + n, 3*i + 36 = -d - 27. Let r be (8/i)/(1/(-25)). Calculate the greatest common factor of 1 and r.
1
Suppose 0 = 2*t - 189 - 31. Suppose 0*z + 88 = 4*z. What is the highest common divisor of z and t?
22
Suppose -5*i + 30*w = 32*w - 8553, -5*w - 5 = 0. What is the highest common divisor of 59 and i?
59
Let n(h) = 36*h - 143. Let w be n(11). What is the highest common divisor of 22 and w?
11
Suppose -3*d - 627 = -3*o, -5*d - 827 = -4*o - 10*d. Let w(r) = -2*r**2 + 13*r - 4. Let c be w(4). What is the greatest common divisor of c and o?
16
Suppose -2*h + h = -77. Suppose -34*c - 180 = -46*c. Suppose -c*n + 185 = 20. Calculate the highest common divisor of n and h.
11
Let z(m) = 24*m + 273. Let o be z(-7). What is the highest common divisor of 14 and o?
7
Let m = -271 + 341. Calculate the greatest common divisor of 50 and m.
10
Let v be (-44)/(-4)*(-30)/(-3). What is the greatest common divisor of v and 1430?
110
Suppose -4*j = -4*h + 296, 5*h - 4*j = 91 + 278. Calculate the greatest common divisor of 365 and h.
73
Suppose 2*a - 3*d - 8 = 8, -4*d + 2 = 2*a. Suppose 168 = -2*f + a*f. Let h be 7/(-2)*-1*2. Calculate the highest common factor of h and f.
7
Let a(x) = -x**2 - 10*x + 13. Let z be a(-11). Suppose 168 - 40 = z*d. Calculate the highest common divisor of d and 16.
16
Let y be (-8 - -4)/(20/(-10)). What is the highest common factor of 27 and y?
1
Let n(m) = m**3 - 6*m**2 + 6*m - 9. Let z be n(5). Let h = 8 + z. Suppose 3*c + 2*s = 237, -c + 86 = -s + h*s. What is the highest common factor of 7 and c?
7
Suppose 0 = -11*q + 6 + 60. Let s(i) = -i**2 - 10*i + 6. Let g be s(-6). Let u = g - -12. What is the greatest common divisor of q and u?
6
Let m(y) = 12*y - 11 - 4 + 17. Let s be m(3). Calculate the highest common divisor of s and 418.
38
Let d(t) be the second derivative of t**5/20 + 7*t**4/12 - 5*t**3/3 + 11*t**2/2 + 2*t. Let v be d(-8). Calculate the greatest common divisor of 243 and v.
27
Suppose -14*w + 29*w - 690 = 0. What is the highest common divisor of w and 184?
46
Suppose 7*x = -4*x + 44. Suppose 5*z + g - 608 = 0, -z = x*g - 167 + 34. Calculate the greatest common factor of 11 and z.
11
Suppose 4*k = 7 + 5. Suppose 0 = -2*b - k + 11. Suppose b*u + 2*v - 1 = 3, -4*u - 4*v + 4 = 0. Calculate the greatest common factor of 2 and u.
1
Suppose -90 = -8*u + 166. Suppose u*h = 38*h - 264. What is the greatest common divisor of h and 154?
22
Let x(a) = a**2 - 18*a - 40. Let m be x(18). Let q = m - -67. What is the highest common factor of q and 135?
27
Let d(z) = z**2 - 5*z - 7. Let t(a) = -2*a**2 + 5*a - 7. Let w be t(3). Let y be d(w). Calculate the highest common divisor of y and 13.
13
Let c(v) = -2*v + 9. Let i = 23 + -19. Let d be c(i). Calculate the greatest common divisor of d and 3.
1
Let p be (-28)/(-4)*(-2 - -3). Let g(u) = 4*u - 19. Let r be g(p). Let o = 2 + 4. Calculate the highest common factor of o and r.
3
Let l be -3*(9/45)/(3/10). Let n be -1*68/(l + -2). Calculate the greatest common divisor of 85 and n.
17
Let v(i) = i**2 + 12*i + 10. Let h be v(-14). Suppose 3*a - h - 10 = 0. Let z be (-650)/(-3) + a/(-24). Calculate the highest common factor of z and 27.
27
Let m(u) = -125*u + 3. Let g(h) = h - 8. Let p be (-1 - -7)/(-6 + 7). Let f be g(p). Let b be m(f). What is the greatest common divisor of 23 and b?
23
Suppose 2*h = 0, -5*l + 4*h - 41 + 111 = 0. Let g(m) = -m**3 + 13*m**2 - 11*m - 8. Let r be g(10). Calculate the highest common factor of l and r.
14
Let i = -25 + 45. Let o(n) = n**3 + 10*n**2 + 8. Let b be o(-10). What is the highest common factor of b and i?
4
Let a(i) = 4*i**2 - 10*i - 8. Let v be a(8). What is the greatest common factor of 12 and v?
12
Let d be 16/(-4) + (-2 - -3)*19. What is the greatest common divisor of 30 and d?
15
Let x = 132 - 84. Suppose 0 = c - 4*c + x. Suppose 32*b = 13*b + 760. Calculate the greatest common factor of c and b.
8
Suppose 11*m = 53 - 9. Suppose -m*p - 25 = -1177. What is the greatest common factor of 36 and p?
36
Let l = -6 - -41. What is the greatest common divisor of 25 and l?
5
Let g(y) = -7*y - 20. Let z be g(-9). Let v = 49 - z. Calculate the greatest common divisor of 6 and v.
6
Let p be (-2 - 1 - 3)/(-1). Suppose 0 = -3*u - 0*u + p. Suppose 0 = 5*t + 2*w, 3*t + u*t = -3*w - 5. Calculate the highest common divisor of 6 and t.
2
Let h = -1097 - -1105. What is the greatest common factor of h and 744?
8
Suppose -s + 5*q - 3 = 0, -q = -2*s + 4*q - 1. Suppose h = -4, s*f + 2*h = -f + 100. Calculate the highest common divisor of f and 54.
18
Suppose 0 = v + 3*i - 44, -2*i + 5*i = 12. What is the greatest common divisor of 2 and v?
2
Let z be (-228)/8*12/(-9). Let s be (53 + -52)/(191/190 - 1). What is the greatest common divisor of s and z?
38
Let c be 172/(-129)*(-138 - 3). What is the greatest common factor of 1034 and c?
94
Suppose -15*i = -20*i, b = -3*i + 2. Suppose 5*y = 5*r - 10, 4*r - 3*y - 3 = 1. Let u be (-3)/(-6)*(-8)/r. Calculate the greatest common factor of u and b.
2
Let t be -3 + 290/15 - (-4)/6. Suppose -11 = -2*n - g + t, 5*n = g + 63. What is the greatest common factor of 26 and n?
13
Suppose -30 = -7*q + 75. Calculate the greatest common factor of 555 and q.
15
Suppose 25*c + 1320 = 45*c. Calculate the highest common divisor of c and 242.
22
Let n(y) = y**3 + 31*y**2 - y - 12. Let a be n(-31). Suppose 2*b + 4*b = 1254. What is the greatest common factor of a and b?
19
Let k(w) = 5*w**2 + 14*w + 58. Let o be k(-6). What is the greatest common factor of o and 42?
14
Suppose -10 - 16 = -5*h + f, f = h - 6. Suppose -7 = -2*b - j, b - 9 = h*j - 0. Let r = -8 + 12. What is the highest common divisor of r and b?
4
Let r = 15 - 0. Let v be 34/(-85) + (-17)/5*-1. Calculate the greatest common factor of r and v.
3
Let x = 20 - -44. Suppose 697 - 473 = 7*u. Calculate the highest common divisor of u and x.
32
Suppose -d + 0*d + 33 = 0. Suppose 36*y - 195 = 19 + 182. What is the highest common divisor of y and d?
11
Suppose 7*h - 2*h = -y + 28, -3*y = 2*h - 71. Calculate the greatest common factor of 1357 and y.
23
Let u be ((-3055)/(-141))/((-2)/(-18)). What is the greatest common factor of 234 and u?
39
Let r(g) = -2*g - 36. Let d be r(-16). Let w be 46/69*(-30)/d. Calculate the highest common divisor of w and 1.
1
Suppose 3*v = -f + 15, -3*f + 2*v = 3*v - 69. Let l(a) = a**3 + 5*a**2 + 4*a + 6. Let n be l(-4). Calculate the highest common divisor of n and f.
6
Let u(a) = 10*a - 14. Let g be u(2). Suppose -6 - 3 = -3*h. What is the greatest common divisor of h and g?
3
Let q(p) = -12*p + 303. Let u be q(23). What is the greatest common factor of 171 and u?
9
Let h be (5 - (-2 - -5)) + 118. Suppose 0 = 4*x - 1 - 399. Suppose 0 = -4*f + h + x. What is the greatest common factor of 22 and f?
11
Suppose 0*h + 9*h + 333 = 0. Let q = h - -97. Suppose -2*m = -0*m - 24. What is the highest common divisor of q and m?
12
Let p be -3*1 - 40/16*-2. Calculate the highest common factor of 5 and p.
1
Let y(c) = -c**3 - 12*c**2 - 4*c + 9. Let f be y(-12). Let n = f - 29. What is the highest common divisor of 112 and n?
28
Suppose -c = 5*c - 414. Suppose -2*v - 116 = -4*k, v - c - 41 = -4*k. What is the highest common factor of 252 and k?
28
Suppose 4*u - 2*k + 6*k = -44, -49 = 5*u - k. Suppose -2*p - 3*p = -110. Let s = p + u. What is the greatest common factor of s and 18?
6
Suppose 5*s = 812 + 2088. Calculate the greatest common divisor of s and 70.
10
Let l = -112 + 122. What is the greatest common factor of 320 and l?
10
Suppose 5*h - 281 = 4*v, h + h - 110 = 4*v. Suppose 0 = b - 5*y - 20 + 1, 3*b - 4*y - h = 0. C